{"id":2666,"date":"2024-07-18T22:18:43","date_gmt":"2024-07-19T02:18:43","guid":{"rendered":"https:\/\/beautyplus.life\/?post_type=product&#038;p=2666"},"modified":"2024-12-12T08:05:33","modified_gmt":"2024-12-12T12:05:33","slug":"masque-a-bulle","status":"publish","type":"product","link":"https:\/\/beautyplus.life\/index.php\/produit\/masque-a-bulle\/","title":{"rendered":"Masque \u00e0 Bulle"},"content":{"rendered":"<p>Voici le masque \u00e0 bulles d&rsquo;oxyg\u00e8ne, votre cl\u00e9 pour obtenir une peau parfaite. D\u00e9couvrez le pouvoir de transformation de ce masque innovant qui non seulement am\u00e9liore la texture et l&rsquo;\u00e9lasticit\u00e9 de la peau, mais lui conf\u00e8re \u00e9galement un effet \u00e9claircissant. Dites adieu \u00e0 la peau terne et fatigu\u00e9e et bonjour \u00e0 un teint radieux.Notre masque \u00e0 bulles d&rsquo;oxyg\u00e8ne est sp\u00e9cialement con\u00e7u pour nettoyer la peau et l\u2019\u00e9limination des d\u00e9chets. Il purifie le teint . L\u2019\u00e9quilibre du pH cutan\u00e9et la pr\u00e9parer au traitement suivant. Gr\u00e2ce \u00e0 sa formulation unique, il \u00e9limine efficacement les impuret\u00e9s et revitalise votre peau, la laissant rafra\u00eechie et pr\u00eate \u00e0 absorber les bienfaits de votre programme de soins.<\/p>\n<p>Elle est formul\u00e9e avec une combinaison unique d&rsquo;ingr\u00e9dients pour vous offrir une peau d&rsquo;apparence plus jeune et plus saine. L&rsquo;extrait d&rsquo;arcmella est le secret derri\u00e8re le resserrement de vos pores, laissant votre peau plus douce et plus uniforme. Le Volufiline active les cellules adipeuses, aidant \u00e0 restaurer la fermet\u00e9 de la peau tout en r\u00e9duisant les signes du vieillissement. La niacinamide, quant \u00e0 elle, illumine votre teint, vous laissant avec une lueur radieuse. La b\u00e9taine am\u00e9liore l&rsquo;\u00e9lasticit\u00e9 de votre peau, luttant ainsi contre les signes du vieillissement et laissant votre peau plus ferme. Enfin, l&rsquo;extrait d&rsquo;\u00e9corce de ch\u00e2taigne apaise toute irritation cutan\u00e9e, laissant votre peau confortable et apais\u00e9e. Offrez \u00e0 votre peau les bienfaits de ces ingr\u00e9dients puissants et d\u00e9couvrez une peau d&rsquo;apparence plus jeune, plus lisse et plus \u00e9clatante.<\/p>\n","protected":false},"excerpt":{"rendered":"<p>Voici le masque \u00e0 bulles d&rsquo;oxyg\u00e8ne, votre cl\u00e9 pour obtenir une peau parfaite. D\u00e9couvrez le pouvoir de transformation de ce masque innovant qui non seulement am\u00e9liore la texture et l&rsquo;\u00e9lasticit\u00e9 de la peau, mais lui conf\u00e8re \u00e9galement un effet \u00e9claircissant. Dites adieu \u00e0 la peau terne et fatigu\u00e9e et bonjour \u00e0 un teint radieux.Notre masque \u00e0 bulles d&rsquo;oxyg\u00e8ne est sp\u00e9cialement con\u00e7u pour nettoyer la peau et l\u2019\u00e9limination des d\u00e9chets. Il purifie le teint . L\u2019\u00e9quilibre du pH cutan\u00e9et la pr\u00e9parer au traitement suivant. Gr\u00e2ce \u00e0 sa formulation unique, il \u00e9limine efficacement les impuret\u00e9s et revitalise votre peau, la laissant rafra\u00eechie et pr\u00eate \u00e0 absorber les bienfaits de votre programme de soins.<\/p>\n","protected":false},"featured_media":2667,"template":"","meta":[],"product_brand":[40],"product_cat":[43,34],"product_tag":[51,50],"class_list":{"0":"post-2666","1":"product","2":"type-product","3":"status-publish","4":"has-post-thumbnail","6":"product_brand-dmcell","7":"product_cat-masque","8":"product_cat-visage","9":"product_tag-coolclear","10":"product_tag-coolifting","12":"first","13":"instock","14":"taxable","15":"shipping-taxable","16":"purchasable","17":"product-type-simple"},"yoast_head":"<!-- This site is optimized with the Yoast SEO Premium plugin v23.4 (Yoast SEO v23.9) - https:\/\/yoast.com\/wordpress\/plugins\/seo\/ -->\n<title>Masque \u00e0 Bulle - Beauty Plus<\/title>\n<meta name=\"robots\" content=\"index, follow, max-snippet:-1, max-image-preview:large, max-video-preview:-1\" \/>\n<link rel=\"canonical\" href=\"https:\/\/beautyplus.life\/index.php\/produit\/masque-a-bulle\/\" \/>\n<meta property=\"og:locale\" content=\"fr_FR\" \/>\n<meta property=\"og:type\" content=\"article\" \/>\n<meta property=\"og:title\" content=\"Masque \u00e0 Bulle\" \/>\n<meta property=\"og:description\" content=\"Voici le masque \u00e0 bulles d&#039;oxyg\u00e8ne, votre cl\u00e9 pour obtenir une peau parfaite. D\u00e9couvrez le pouvoir de transformation de ce masque innovant qui non seulement am\u00e9liore la texture et l&#039;\u00e9lasticit\u00e9 de la peau, mais lui conf\u00e8re \u00e9galement un effet \u00e9claircissant. Dites adieu \u00e0 la peau terne et fatigu\u00e9e et bonjour \u00e0 un teint radieux.Notre masque \u00e0 bulles d&#039;oxyg\u00e8ne est sp\u00e9cialement con\u00e7u pour nettoyer la peau et l\u2019\u00e9limination des d\u00e9chets. Il purifie le teint . L\u2019\u00e9quilibre du pH cutan\u00e9et la pr\u00e9parer au traitement suivant. Gr\u00e2ce \u00e0 sa formulation unique, il \u00e9limine efficacement les impuret\u00e9s et revitalise votre peau, la laissant rafra\u00eechie et pr\u00eate \u00e0 absorber les bienfaits de votre programme de soins.\" \/>\n<meta property=\"og:url\" content=\"https:\/\/beautyplus.life\/index.php\/produit\/masque-a-bulle\/\" \/>\n<meta property=\"og:site_name\" content=\"Beauty Plus\" \/>\n<meta property=\"article:modified_time\" content=\"2024-12-12T12:05:33+00:00\" \/>\n<meta property=\"og:image\" content=\"https:\/\/beautyplus.life\/wp-content\/uploads\/2024\/07\/Sans-titre-13.png\" \/>\n\t<meta property=\"og:image:width\" content=\"1000\" \/>\n\t<meta property=\"og:image:height\" content=\"1000\" \/>\n\t<meta property=\"og:image:type\" content=\"image\/png\" \/>\n<meta name=\"twitter:card\" content=\"summary_large_image\" \/>\n<meta name=\"twitter:label1\" content=\"Dur\u00e9e de lecture estim\u00e9e\" \/>\n\t<meta name=\"twitter:data1\" content=\"2 minutes\" \/>\n<script type=\"application\/ld+json\" class=\"yoast-schema-graph\">{\"@context\":\"https:\/\/schema.org\",\"@graph\":[{\"@type\":\"WebPage\",\"@id\":\"https:\/\/beautyplus.life\/index.php\/produit\/masque-a-bulle\/\",\"url\":\"https:\/\/beautyplus.life\/index.php\/produit\/masque-a-bulle\/\",\"name\":\"Masque \u00e0 Bulle - Beauty Plus\",\"isPartOf\":{\"@id\":\"https:\/\/beautyplus.life\/#website\"},\"primaryImageOfPage\":{\"@id\":\"https:\/\/beautyplus.life\/index.php\/produit\/masque-a-bulle\/#primaryimage\"},\"image\":{\"@id\":\"https:\/\/beautyplus.life\/index.php\/produit\/masque-a-bulle\/#primaryimage\"},\"thumbnailUrl\":\"https:\/\/beautyplus.life\/wp-content\/uploads\/2024\/07\/Sans-titre-13.png\",\"datePublished\":\"2024-07-19T02:18:43+00:00\",\"dateModified\":\"2024-12-12T12:05:33+00:00\",\"breadcrumb\":{\"@id\":\"https:\/\/beautyplus.life\/index.php\/produit\/masque-a-bulle\/#breadcrumb\"},\"inLanguage\":\"fr-FR\",\"potentialAction\":[{\"@type\":\"ReadAction\",\"target\":[\"https:\/\/beautyplus.life\/index.php\/produit\/masque-a-bulle\/\"]}]},{\"@type\":\"ImageObject\",\"inLanguage\":\"fr-FR\",\"@id\":\"https:\/\/beautyplus.life\/index.php\/produit\/masque-a-bulle\/#primaryimage\",\"url\":\"https:\/\/beautyplus.life\/wp-content\/uploads\/2024\/07\/Sans-titre-13.png\",\"contentUrl\":\"https:\/\/beautyplus.life\/wp-content\/uploads\/2024\/07\/Sans-titre-13.png\",\"width\":1000,\"height\":1000},{\"@type\":\"BreadcrumbList\",\"@id\":\"https:\/\/beautyplus.life\/index.php\/produit\/masque-a-bulle\/#breadcrumb\",\"itemListElement\":[{\"@type\":\"ListItem\",\"position\":1,\"name\":\"Home\",\"item\":\"https:\/\/beautyplus.life\/\"},{\"@type\":\"ListItem\",\"position\":2,\"name\":\"Boutique\",\"item\":\"https:\/\/beautyplus.life\/index.php\/boutique\/\"},{\"@type\":\"ListItem\",\"position\":3,\"name\":\"Masque \u00e0 Bulle\"}]},{\"@type\":\"WebSite\",\"@id\":\"https:\/\/beautyplus.life\/#website\",\"url\":\"https:\/\/beautyplus.life\/\",\"name\":\"Beauty Plus\",\"description\":\"Sp\u00e9cialiste soin et beaut\u00e9\",\"publisher\":{\"@id\":\"https:\/\/beautyplus.life\/#organization\"},\"potentialAction\":[{\"@type\":\"SearchAction\",\"target\":{\"@type\":\"EntryPoint\",\"urlTemplate\":\"https:\/\/beautyplus.life\/?s={search_term_string}\"},\"query-input\":{\"@type\":\"PropertyValueSpecification\",\"valueRequired\":true,\"valueName\":\"search_term_string\"}}],\"inLanguage\":\"fr-FR\"},{\"@type\":\"Organization\",\"@id\":\"https:\/\/beautyplus.life\/#organization\",\"name\":\"Beauty Plus\",\"url\":\"https:\/\/beautyplus.life\/\",\"logo\":{\"@type\":\"ImageObject\",\"inLanguage\":\"fr-FR\",\"@id\":\"https:\/\/beautyplus.life\/#\/schema\/logo\/image\/\",\"url\":\"https:\/\/beautyplus.life\/wp-content\/uploads\/2021\/08\/BPlus_logo_assets.svg\",\"contentUrl\":\"https:\/\/beautyplus.life\/wp-content\/uploads\/2021\/08\/BPlus_logo_assets.svg\",\"width\":328.19,\"height\":150.99,\"caption\":\"Beauty Plus\"},\"image\":{\"@id\":\"https:\/\/beautyplus.life\/#\/schema\/logo\/image\/\"}}]}<\/script>\n<!-- \/ Yoast SEO Premium plugin. -->","yoast_head_json":{"title":"Masque \u00e0 Bulle - Beauty Plus","robots":{"index":"index","follow":"follow","max-snippet":"max-snippet:-1","max-image-preview":"max-image-preview:large","max-video-preview":"max-video-preview:-1"},"canonical":"https:\/\/beautyplus.life\/index.php\/produit\/masque-a-bulle\/","og_locale":"fr_FR","og_type":"article","og_title":"Masque \u00e0 Bulle","og_description":"Voici le masque \u00e0 bulles d'oxyg\u00e8ne, votre cl\u00e9 pour obtenir une peau parfaite. D\u00e9couvrez le pouvoir de transformation de ce masque innovant qui non seulement am\u00e9liore la texture et l'\u00e9lasticit\u00e9 de la peau, mais lui conf\u00e8re \u00e9galement un effet \u00e9claircissant. Dites adieu \u00e0 la peau terne et fatigu\u00e9e et bonjour \u00e0 un teint radieux.Notre masque \u00e0 bulles d'oxyg\u00e8ne est sp\u00e9cialement con\u00e7u pour nettoyer la peau et l\u2019\u00e9limination des d\u00e9chets. Il purifie le teint . L\u2019\u00e9quilibre du pH cutan\u00e9et la pr\u00e9parer au traitement suivant. Gr\u00e2ce \u00e0 sa formulation unique, il \u00e9limine efficacement les impuret\u00e9s et revitalise votre peau, la laissant rafra\u00eechie et pr\u00eate \u00e0 absorber les bienfaits de votre programme de soins.","og_url":"https:\/\/beautyplus.life\/index.php\/produit\/masque-a-bulle\/","og_site_name":"Beauty Plus","article_modified_time":"2024-12-12T12:05:33+00:00","og_image":[{"width":1000,"height":1000,"url":"https:\/\/beautyplus.life\/wp-content\/uploads\/2024\/07\/Sans-titre-13.png","type":"image\/png"}],"twitter_card":"summary_large_image","twitter_misc":{"Dur\u00e9e de lecture estim\u00e9e":"2 minutes"},"schema":{"@context":"https:\/\/schema.org","@graph":[{"@type":"WebPage","@id":"https:\/\/beautyplus.life\/index.php\/produit\/masque-a-bulle\/","url":"https:\/\/beautyplus.life\/index.php\/produit\/masque-a-bulle\/","name":"Masque \u00e0 Bulle - Beauty Plus","isPartOf":{"@id":"https:\/\/beautyplus.life\/#website"},"primaryImageOfPage":{"@id":"https:\/\/beautyplus.life\/index.php\/produit\/masque-a-bulle\/#primaryimage"},"image":{"@id":"https:\/\/beautyplus.life\/index.php\/produit\/masque-a-bulle\/#primaryimage"},"thumbnailUrl":"https:\/\/beautyplus.life\/wp-content\/uploads\/2024\/07\/Sans-titre-13.png","datePublished":"2024-07-19T02:18:43+00:00","dateModified":"2024-12-12T12:05:33+00:00","breadcrumb":{"@id":"https:\/\/beautyplus.life\/index.php\/produit\/masque-a-bulle\/#breadcrumb"},"inLanguage":"fr-FR","potentialAction":[{"@type":"ReadAction","target":["https:\/\/beautyplus.life\/index.php\/produit\/masque-a-bulle\/"]}]},{"@type":"ImageObject","inLanguage":"fr-FR","@id":"https:\/\/beautyplus.life\/index.php\/produit\/masque-a-bulle\/#primaryimage","url":"https:\/\/beautyplus.life\/wp-content\/uploads\/2024\/07\/Sans-titre-13.png","contentUrl":"https:\/\/beautyplus.life\/wp-content\/uploads\/2024\/07\/Sans-titre-13.png","width":1000,"height":1000},{"@type":"BreadcrumbList","@id":"https:\/\/beautyplus.life\/index.php\/produit\/masque-a-bulle\/#breadcrumb","itemListElement":[{"@type":"ListItem","position":1,"name":"Home","item":"https:\/\/beautyplus.life\/"},{"@type":"ListItem","position":2,"name":"Boutique","item":"https:\/\/beautyplus.life\/index.php\/boutique\/"},{"@type":"ListItem","position":3,"name":"Masque \u00e0 Bulle"}]},{"@type":"WebSite","@id":"https:\/\/beautyplus.life\/#website","url":"https:\/\/beautyplus.life\/","name":"Beauty Plus","description":"Sp\u00e9cialiste soin et beaut\u00e9","publisher":{"@id":"https:\/\/beautyplus.life\/#organization"},"potentialAction":[{"@type":"SearchAction","target":{"@type":"EntryPoint","urlTemplate":"https:\/\/beautyplus.life\/?s={search_term_string}"},"query-input":{"@type":"PropertyValueSpecification","valueRequired":true,"valueName":"search_term_string"}}],"inLanguage":"fr-FR"},{"@type":"Organization","@id":"https:\/\/beautyplus.life\/#organization","name":"Beauty Plus","url":"https:\/\/beautyplus.life\/","logo":{"@type":"ImageObject","inLanguage":"fr-FR","@id":"https:\/\/beautyplus.life\/#\/schema\/logo\/image\/","url":"https:\/\/beautyplus.life\/wp-content\/uploads\/2021\/08\/BPlus_logo_assets.svg","contentUrl":"https:\/\/beautyplus.life\/wp-content\/uploads\/2021\/08\/BPlus_logo_assets.svg","width":328.19,"height":150.99,"caption":"Beauty Plus"},"image":{"@id":"https:\/\/beautyplus.life\/#\/schema\/logo\/image\/"}}]}},"_links":{"self":[{"href":"https:\/\/beautyplus.life\/index.php\/wp-json\/wp\/v2\/product\/2666","targetHints":{"allow":["GET"]}}],"collection":[{"href":"https:\/\/beautyplus.life\/index.php\/wp-json\/wp\/v2\/product"}],"about":[{"href":"https:\/\/beautyplus.life\/index.php\/wp-json\/wp\/v2\/types\/product"}],"wp:featuredmedia":[{"embeddable":true,"href":"https:\/\/beautyplus.life\/index.php\/wp-json\/wp\/v2\/media\/2667"}],"wp:attachment":[{"href":"https:\/\/beautyplus.life\/index.php\/wp-json\/wp\/v2\/media?parent=2666"}],"wp:term":[{"taxonomy":"product_brand","embeddable":true,"href":"https:\/\/beautyplus.life\/index.php\/wp-json\/wp\/v2\/product_brand?post=2666"},{"taxonomy":"product_cat","embeddable":true,"href":"https:\/\/beautyplus.life\/index.php\/wp-json\/wp\/v2\/product_cat?post=2666"},{"taxonomy":"product_tag","embeddable":true,"href":"https:\/\/beautyplus.life\/index.php\/wp-json\/wp\/v2\/product_tag?post=2666"}],"curies":[{"name":"wp","href":"https:\/\/api.w.org\/{rel}","templated":true}]}}