{"id":2669,"date":"2024-07-18T22:21:42","date_gmt":"2024-07-19T02:21:42","guid":{"rendered":"https:\/\/beautyplus.life\/?post_type=product&#038;p=2669"},"modified":"2024-12-12T08:05:33","modified_gmt":"2024-12-12T12:05:33","slug":"creme-demaquillante-rejuv-tx","status":"publish","type":"product","link":"https:\/\/beautyplus.life\/index.php\/produit\/creme-demaquillante-rejuv-tx\/","title":{"rendered":"Cr\u00e8me D\u00e9maquillante Rejuv TX"},"content":{"rendered":"<p>L&rsquo;un des principaux avantages de la purification et de l&rsquo;exfoliation de la peau est sa capacit\u00e9 \u00e0 am\u00e9liorer l&rsquo;\u00e9lasticit\u00e9. Avec l&rsquo;\u00e2ge, la peau perd naturellement de son \u00e9lasticit\u00e9, ce qui entra\u00eene un rel\u00e2chement et l&rsquo;apparition de rides et de ridules. En int\u00e9grant une routine de purification et d&rsquo;exfoliation de la peau \u00e0 votre programme de soins, vous pouvez stimuler la production de collag\u00e8ne, ce qui contribue \u00e0 am\u00e9liorer l&rsquo;\u00e9lasticit\u00e9 de la peau. Le r\u00e9sultat ? Une peau plus ferme et d&rsquo;apparence plus jeune.<\/p>\n","protected":false},"excerpt":{"rendered":"<p>L&rsquo;un des principaux avantages de la purification et de l&rsquo;exfoliation de la peau est sa capacit\u00e9 \u00e0 am\u00e9liorer l&rsquo;\u00e9lasticit\u00e9. Avec l&rsquo;\u00e2ge, la peau perd naturellement de son \u00e9lasticit\u00e9, ce qui entra\u00eene un rel\u00e2chement et l&rsquo;apparition de rides et de ridules. En int\u00e9grant une routine de purification et d&rsquo;exfoliation de la peau \u00e0 votre programme de soins, vous pouvez stimuler la production de collag\u00e8ne, ce qui contribue \u00e0 am\u00e9liorer l&rsquo;\u00e9lasticit\u00e9 de la peau. Le r\u00e9sultat ? Une peau plus ferme et d&rsquo;apparence plus jeune.<\/p>\n","protected":false},"featured_media":2677,"template":"","meta":[],"product_brand":[40],"product_cat":[42,34],"product_tag":[51,50],"class_list":{"0":"post-2669","1":"product","2":"type-product","3":"status-publish","4":"has-post-thumbnail","6":"product_brand-dmcell","7":"product_cat-creme","8":"product_cat-visage","9":"product_tag-coolclear","10":"product_tag-coolifting","12":"first","13":"instock","14":"taxable","15":"shipping-taxable","16":"purchasable","17":"product-type-simple"},"yoast_head":"<!-- This site is optimized with the Yoast SEO Premium plugin v23.4 (Yoast SEO v23.9) - https:\/\/yoast.com\/wordpress\/plugins\/seo\/ -->\n<title>Cr\u00e8me D\u00e9maquillante Rejuv TX - Beauty Plus<\/title>\n<meta name=\"robots\" content=\"index, follow, max-snippet:-1, max-image-preview:large, max-video-preview:-1\" \/>\n<link rel=\"canonical\" href=\"https:\/\/beautyplus.life\/index.php\/produit\/creme-demaquillante-rejuv-tx\/\" \/>\n<meta property=\"og:locale\" content=\"fr_FR\" \/>\n<meta property=\"og:type\" content=\"article\" \/>\n<meta property=\"og:title\" content=\"Cr\u00e8me D\u00e9maquillante Rejuv TX\" \/>\n<meta property=\"og:description\" content=\"L&#039;un des principaux avantages de la purification et de l&#039;exfoliation de la peau est sa capacit\u00e9 \u00e0 am\u00e9liorer l&#039;\u00e9lasticit\u00e9. Avec l&#039;\u00e2ge, la peau perd naturellement de son \u00e9lasticit\u00e9, ce qui entra\u00eene un rel\u00e2chement et l&#039;apparition de rides et de ridules. En int\u00e9grant une routine de purification et d&#039;exfoliation de la peau \u00e0 votre programme de soins, vous pouvez stimuler la production de collag\u00e8ne, ce qui contribue \u00e0 am\u00e9liorer l&#039;\u00e9lasticit\u00e9 de la peau. Le r\u00e9sultat ? Une peau plus ferme et d&#039;apparence plus jeune.\" \/>\n<meta property=\"og:url\" content=\"https:\/\/beautyplus.life\/index.php\/produit\/creme-demaquillante-rejuv-tx\/\" \/>\n<meta property=\"og:site_name\" content=\"Beauty Plus\" \/>\n<meta property=\"article:modified_time\" content=\"2024-12-12T12:05:33+00:00\" \/>\n<meta property=\"og:image\" content=\"https:\/\/beautyplus.life\/wp-content\/uploads\/2024\/07\/eb28ec8d7d7d3.jpg\" \/>\n\t<meta property=\"og:image:width\" content=\"750\" \/>\n\t<meta property=\"og:image:height\" content=\"750\" \/>\n\t<meta property=\"og:image:type\" content=\"image\/jpeg\" \/>\n<meta name=\"twitter:card\" content=\"summary_large_image\" \/>\n<meta name=\"twitter:label1\" content=\"Dur\u00e9e de lecture estim\u00e9e\" \/>\n\t<meta name=\"twitter:data1\" content=\"1 minute\" \/>\n<script type=\"application\/ld+json\" class=\"yoast-schema-graph\">{\"@context\":\"https:\/\/schema.org\",\"@graph\":[{\"@type\":\"WebPage\",\"@id\":\"https:\/\/beautyplus.life\/index.php\/produit\/creme-demaquillante-rejuv-tx\/\",\"url\":\"https:\/\/beautyplus.life\/index.php\/produit\/creme-demaquillante-rejuv-tx\/\",\"name\":\"Cr\u00e8me D\u00e9maquillante Rejuv TX - Beauty Plus\",\"isPartOf\":{\"@id\":\"https:\/\/beautyplus.life\/#website\"},\"primaryImageOfPage\":{\"@id\":\"https:\/\/beautyplus.life\/index.php\/produit\/creme-demaquillante-rejuv-tx\/#primaryimage\"},\"image\":{\"@id\":\"https:\/\/beautyplus.life\/index.php\/produit\/creme-demaquillante-rejuv-tx\/#primaryimage\"},\"thumbnailUrl\":\"https:\/\/beautyplus.life\/wp-content\/uploads\/2024\/07\/eb28ec8d7d7d3.jpg\",\"datePublished\":\"2024-07-19T02:21:42+00:00\",\"dateModified\":\"2024-12-12T12:05:33+00:00\",\"breadcrumb\":{\"@id\":\"https:\/\/beautyplus.life\/index.php\/produit\/creme-demaquillante-rejuv-tx\/#breadcrumb\"},\"inLanguage\":\"fr-FR\",\"potentialAction\":[{\"@type\":\"ReadAction\",\"target\":[\"https:\/\/beautyplus.life\/index.php\/produit\/creme-demaquillante-rejuv-tx\/\"]}]},{\"@type\":\"ImageObject\",\"inLanguage\":\"fr-FR\",\"@id\":\"https:\/\/beautyplus.life\/index.php\/produit\/creme-demaquillante-rejuv-tx\/#primaryimage\",\"url\":\"https:\/\/beautyplus.life\/wp-content\/uploads\/2024\/07\/eb28ec8d7d7d3.jpg\",\"contentUrl\":\"https:\/\/beautyplus.life\/wp-content\/uploads\/2024\/07\/eb28ec8d7d7d3.jpg\",\"width\":750,\"height\":750},{\"@type\":\"BreadcrumbList\",\"@id\":\"https:\/\/beautyplus.life\/index.php\/produit\/creme-demaquillante-rejuv-tx\/#breadcrumb\",\"itemListElement\":[{\"@type\":\"ListItem\",\"position\":1,\"name\":\"Home\",\"item\":\"https:\/\/beautyplus.life\/\"},{\"@type\":\"ListItem\",\"position\":2,\"name\":\"Boutique\",\"item\":\"https:\/\/beautyplus.life\/index.php\/boutique\/\"},{\"@type\":\"ListItem\",\"position\":3,\"name\":\"Cr\u00e8me D\u00e9maquillante Rejuv TX\"}]},{\"@type\":\"WebSite\",\"@id\":\"https:\/\/beautyplus.life\/#website\",\"url\":\"https:\/\/beautyplus.life\/\",\"name\":\"Beauty Plus\",\"description\":\"Sp\u00e9cialiste soin et beaut\u00e9\",\"publisher\":{\"@id\":\"https:\/\/beautyplus.life\/#organization\"},\"potentialAction\":[{\"@type\":\"SearchAction\",\"target\":{\"@type\":\"EntryPoint\",\"urlTemplate\":\"https:\/\/beautyplus.life\/?s={search_term_string}\"},\"query-input\":{\"@type\":\"PropertyValueSpecification\",\"valueRequired\":true,\"valueName\":\"search_term_string\"}}],\"inLanguage\":\"fr-FR\"},{\"@type\":\"Organization\",\"@id\":\"https:\/\/beautyplus.life\/#organization\",\"name\":\"Beauty Plus\",\"url\":\"https:\/\/beautyplus.life\/\",\"logo\":{\"@type\":\"ImageObject\",\"inLanguage\":\"fr-FR\",\"@id\":\"https:\/\/beautyplus.life\/#\/schema\/logo\/image\/\",\"url\":\"https:\/\/beautyplus.life\/wp-content\/uploads\/2021\/08\/BPlus_logo_assets.svg\",\"contentUrl\":\"https:\/\/beautyplus.life\/wp-content\/uploads\/2021\/08\/BPlus_logo_assets.svg\",\"width\":328.19,\"height\":150.99,\"caption\":\"Beauty Plus\"},\"image\":{\"@id\":\"https:\/\/beautyplus.life\/#\/schema\/logo\/image\/\"}}]}<\/script>\n<!-- \/ Yoast SEO Premium plugin. -->","yoast_head_json":{"title":"Cr\u00e8me D\u00e9maquillante Rejuv TX - Beauty Plus","robots":{"index":"index","follow":"follow","max-snippet":"max-snippet:-1","max-image-preview":"max-image-preview:large","max-video-preview":"max-video-preview:-1"},"canonical":"https:\/\/beautyplus.life\/index.php\/produit\/creme-demaquillante-rejuv-tx\/","og_locale":"fr_FR","og_type":"article","og_title":"Cr\u00e8me D\u00e9maquillante Rejuv TX","og_description":"L'un des principaux avantages de la purification et de l'exfoliation de la peau est sa capacit\u00e9 \u00e0 am\u00e9liorer l'\u00e9lasticit\u00e9. Avec l'\u00e2ge, la peau perd naturellement de son \u00e9lasticit\u00e9, ce qui entra\u00eene un rel\u00e2chement et l'apparition de rides et de ridules. En int\u00e9grant une routine de purification et d'exfoliation de la peau \u00e0 votre programme de soins, vous pouvez stimuler la production de collag\u00e8ne, ce qui contribue \u00e0 am\u00e9liorer l'\u00e9lasticit\u00e9 de la peau. Le r\u00e9sultat ? Une peau plus ferme et d'apparence plus jeune.","og_url":"https:\/\/beautyplus.life\/index.php\/produit\/creme-demaquillante-rejuv-tx\/","og_site_name":"Beauty Plus","article_modified_time":"2024-12-12T12:05:33+00:00","og_image":[{"width":750,"height":750,"url":"https:\/\/beautyplus.life\/wp-content\/uploads\/2024\/07\/eb28ec8d7d7d3.jpg","type":"image\/jpeg"}],"twitter_card":"summary_large_image","twitter_misc":{"Dur\u00e9e de lecture estim\u00e9e":"1 minute"},"schema":{"@context":"https:\/\/schema.org","@graph":[{"@type":"WebPage","@id":"https:\/\/beautyplus.life\/index.php\/produit\/creme-demaquillante-rejuv-tx\/","url":"https:\/\/beautyplus.life\/index.php\/produit\/creme-demaquillante-rejuv-tx\/","name":"Cr\u00e8me D\u00e9maquillante Rejuv TX - Beauty Plus","isPartOf":{"@id":"https:\/\/beautyplus.life\/#website"},"primaryImageOfPage":{"@id":"https:\/\/beautyplus.life\/index.php\/produit\/creme-demaquillante-rejuv-tx\/#primaryimage"},"image":{"@id":"https:\/\/beautyplus.life\/index.php\/produit\/creme-demaquillante-rejuv-tx\/#primaryimage"},"thumbnailUrl":"https:\/\/beautyplus.life\/wp-content\/uploads\/2024\/07\/eb28ec8d7d7d3.jpg","datePublished":"2024-07-19T02:21:42+00:00","dateModified":"2024-12-12T12:05:33+00:00","breadcrumb":{"@id":"https:\/\/beautyplus.life\/index.php\/produit\/creme-demaquillante-rejuv-tx\/#breadcrumb"},"inLanguage":"fr-FR","potentialAction":[{"@type":"ReadAction","target":["https:\/\/beautyplus.life\/index.php\/produit\/creme-demaquillante-rejuv-tx\/"]}]},{"@type":"ImageObject","inLanguage":"fr-FR","@id":"https:\/\/beautyplus.life\/index.php\/produit\/creme-demaquillante-rejuv-tx\/#primaryimage","url":"https:\/\/beautyplus.life\/wp-content\/uploads\/2024\/07\/eb28ec8d7d7d3.jpg","contentUrl":"https:\/\/beautyplus.life\/wp-content\/uploads\/2024\/07\/eb28ec8d7d7d3.jpg","width":750,"height":750},{"@type":"BreadcrumbList","@id":"https:\/\/beautyplus.life\/index.php\/produit\/creme-demaquillante-rejuv-tx\/#breadcrumb","itemListElement":[{"@type":"ListItem","position":1,"name":"Home","item":"https:\/\/beautyplus.life\/"},{"@type":"ListItem","position":2,"name":"Boutique","item":"https:\/\/beautyplus.life\/index.php\/boutique\/"},{"@type":"ListItem","position":3,"name":"Cr\u00e8me D\u00e9maquillante Rejuv TX"}]},{"@type":"WebSite","@id":"https:\/\/beautyplus.life\/#website","url":"https:\/\/beautyplus.life\/","name":"Beauty Plus","description":"Sp\u00e9cialiste soin et beaut\u00e9","publisher":{"@id":"https:\/\/beautyplus.life\/#organization"},"potentialAction":[{"@type":"SearchAction","target":{"@type":"EntryPoint","urlTemplate":"https:\/\/beautyplus.life\/?s={search_term_string}"},"query-input":{"@type":"PropertyValueSpecification","valueRequired":true,"valueName":"search_term_string"}}],"inLanguage":"fr-FR"},{"@type":"Organization","@id":"https:\/\/beautyplus.life\/#organization","name":"Beauty Plus","url":"https:\/\/beautyplus.life\/","logo":{"@type":"ImageObject","inLanguage":"fr-FR","@id":"https:\/\/beautyplus.life\/#\/schema\/logo\/image\/","url":"https:\/\/beautyplus.life\/wp-content\/uploads\/2021\/08\/BPlus_logo_assets.svg","contentUrl":"https:\/\/beautyplus.life\/wp-content\/uploads\/2021\/08\/BPlus_logo_assets.svg","width":328.19,"height":150.99,"caption":"Beauty Plus"},"image":{"@id":"https:\/\/beautyplus.life\/#\/schema\/logo\/image\/"}}]}},"_links":{"self":[{"href":"https:\/\/beautyplus.life\/index.php\/wp-json\/wp\/v2\/product\/2669","targetHints":{"allow":["GET"]}}],"collection":[{"href":"https:\/\/beautyplus.life\/index.php\/wp-json\/wp\/v2\/product"}],"about":[{"href":"https:\/\/beautyplus.life\/index.php\/wp-json\/wp\/v2\/types\/product"}],"wp:featuredmedia":[{"embeddable":true,"href":"https:\/\/beautyplus.life\/index.php\/wp-json\/wp\/v2\/media\/2677"}],"wp:attachment":[{"href":"https:\/\/beautyplus.life\/index.php\/wp-json\/wp\/v2\/media?parent=2669"}],"wp:term":[{"taxonomy":"product_brand","embeddable":true,"href":"https:\/\/beautyplus.life\/index.php\/wp-json\/wp\/v2\/product_brand?post=2669"},{"taxonomy":"product_cat","embeddable":true,"href":"https:\/\/beautyplus.life\/index.php\/wp-json\/wp\/v2\/product_cat?post=2669"},{"taxonomy":"product_tag","embeddable":true,"href":"https:\/\/beautyplus.life\/index.php\/wp-json\/wp\/v2\/product_tag?post=2669"}],"curies":[{"name":"wp","href":"https:\/\/api.w.org\/{rel}","templated":true}]}}