{"id":2701,"date":"2024-07-22T15:57:10","date_gmt":"2024-07-22T19:57:10","guid":{"rendered":"https:\/\/beautyplus.life\/?post_type=product&#038;p=2701"},"modified":"2024-12-12T08:12:32","modified_gmt":"2024-12-12T12:12:32","slug":"kit-post-peeling-rose-de-mer","status":"publish","type":"product","link":"https:\/\/beautyplus.life\/index.php\/produit\/kit-post-peeling-rose-de-mer\/","title":{"rendered":"Kit Post Peeling Rose de Mer"},"content":{"rendered":"<p>Le kit post peeling de Rose de Mer est un \u00e9l\u00e9ment essentiel de votre traitement post peeling. Ce kit professionnel permet de r\u00e9duire le temps de r\u00e9cup\u00e9ration et d&rsquo;optimiser le processus de peeling gr\u00e2ce \u00e0 ses principes actifs apaisants. Il est con\u00e7u pour r\u00e9pondre aux trois phases du traitement post peeling, \u00e0 savoir le s\u00e9chage, le peeling et le renouvellement de la peau. Le kit prot\u00e8ge et apaise votre peau pendant la p\u00e9riode vuln\u00e9rable de l&rsquo;apr\u00e8s-peeling, ce qui se traduit par une am\u00e9lioration remarquable de la texture en moins d&rsquo;une semaine !<\/p>\n","protected":false},"excerpt":{"rendered":"<p>Le kit post peeling de Rose de Mer est un \u00e9l\u00e9ment essentiel de votre traitement post peeling. Ce kit professionnel permet de r\u00e9duire le temps de r\u00e9cup\u00e9ration et d&rsquo;optimiser le processus de peeling gr\u00e2ce \u00e0 ses principes actifs apaisants. Il est con\u00e7u pour r\u00e9pondre aux trois phases du traitement post peeling, \u00e0 savoir le s\u00e9chage, le peeling et le renouvellement de la peau. Le kit prot\u00e8ge et apaise votre peau pendant la p\u00e9riode vuln\u00e9rable de l&rsquo;apr\u00e8s-peeling, ce qui se traduit par une am\u00e9lioration remarquable de la texture en moins d&rsquo;une semaine !<\/p>\n","protected":false},"featured_media":2702,"template":"","meta":[],"product_brand":[46],"product_cat":[45,34],"product_tag":[52],"class_list":{"0":"post-2701","1":"product","2":"type-product","3":"status-publish","4":"has-post-thumbnail","6":"product_brand-christina","7":"product_cat-peeling","8":"product_cat-visage","9":"product_tag-peeling","11":"first","12":"instock","13":"taxable","14":"shipping-taxable","15":"purchasable","16":"product-type-simple"},"yoast_head":"<!-- This site is optimized with the Yoast SEO Premium plugin v23.4 (Yoast SEO v23.9) - https:\/\/yoast.com\/wordpress\/plugins\/seo\/ -->\n<title>Kit Post Peeling Rose de Mer - Beauty Plus<\/title>\n<meta name=\"robots\" content=\"index, follow, max-snippet:-1, max-image-preview:large, max-video-preview:-1\" \/>\n<link rel=\"canonical\" href=\"https:\/\/beautyplus.life\/index.php\/produit\/kit-post-peeling-rose-de-mer\/\" \/>\n<meta property=\"og:locale\" content=\"fr_FR\" \/>\n<meta property=\"og:type\" content=\"article\" \/>\n<meta property=\"og:title\" content=\"Kit Post Peeling Rose de Mer\" \/>\n<meta property=\"og:description\" content=\"Le kit post peeling de Rose de Mer est un \u00e9l\u00e9ment essentiel de votre traitement post peeling. Ce kit professionnel permet de r\u00e9duire le temps de r\u00e9cup\u00e9ration et d&#039;optimiser le processus de peeling gr\u00e2ce \u00e0 ses principes actifs apaisants. Il est con\u00e7u pour r\u00e9pondre aux trois phases du traitement post peeling, \u00e0 savoir le s\u00e9chage, le peeling et le renouvellement de la peau. Le kit prot\u00e8ge et apaise votre peau pendant la p\u00e9riode vuln\u00e9rable de l&#039;apr\u00e8s-peeling, ce qui se traduit par une am\u00e9lioration remarquable de la texture en moins d&#039;une semaine !\" \/>\n<meta property=\"og:url\" content=\"https:\/\/beautyplus.life\/index.php\/produit\/kit-post-peeling-rose-de-mer\/\" \/>\n<meta property=\"og:site_name\" content=\"Beauty Plus\" \/>\n<meta property=\"article:modified_time\" content=\"2024-12-12T12:12:32+00:00\" \/>\n<meta property=\"og:image\" content=\"https:\/\/beautyplus.life\/wp-content\/uploads\/2024\/07\/RDM_post_peel_kit_2000x.jpg\" \/>\n\t<meta property=\"og:image:width\" content=\"1500\" \/>\n\t<meta property=\"og:image:height\" content=\"1500\" \/>\n\t<meta property=\"og:image:type\" content=\"image\/jpeg\" \/>\n<meta name=\"twitter:card\" content=\"summary_large_image\" \/>\n<meta name=\"twitter:label1\" content=\"Dur\u00e9e de lecture estim\u00e9e\" \/>\n\t<meta name=\"twitter:data1\" content=\"1 minute\" \/>\n<script type=\"application\/ld+json\" class=\"yoast-schema-graph\">{\"@context\":\"https:\/\/schema.org\",\"@graph\":[{\"@type\":\"WebPage\",\"@id\":\"https:\/\/beautyplus.life\/index.php\/produit\/kit-post-peeling-rose-de-mer\/\",\"url\":\"https:\/\/beautyplus.life\/index.php\/produit\/kit-post-peeling-rose-de-mer\/\",\"name\":\"Kit Post Peeling Rose de Mer - Beauty Plus\",\"isPartOf\":{\"@id\":\"https:\/\/beautyplus.life\/#website\"},\"primaryImageOfPage\":{\"@id\":\"https:\/\/beautyplus.life\/index.php\/produit\/kit-post-peeling-rose-de-mer\/#primaryimage\"},\"image\":{\"@id\":\"https:\/\/beautyplus.life\/index.php\/produit\/kit-post-peeling-rose-de-mer\/#primaryimage\"},\"thumbnailUrl\":\"https:\/\/beautyplus.life\/wp-content\/uploads\/2024\/07\/RDM_post_peel_kit_2000x.jpg\",\"datePublished\":\"2024-07-22T19:57:10+00:00\",\"dateModified\":\"2024-12-12T12:12:32+00:00\",\"breadcrumb\":{\"@id\":\"https:\/\/beautyplus.life\/index.php\/produit\/kit-post-peeling-rose-de-mer\/#breadcrumb\"},\"inLanguage\":\"fr-FR\",\"potentialAction\":[{\"@type\":\"ReadAction\",\"target\":[\"https:\/\/beautyplus.life\/index.php\/produit\/kit-post-peeling-rose-de-mer\/\"]}]},{\"@type\":\"ImageObject\",\"inLanguage\":\"fr-FR\",\"@id\":\"https:\/\/beautyplus.life\/index.php\/produit\/kit-post-peeling-rose-de-mer\/#primaryimage\",\"url\":\"https:\/\/beautyplus.life\/wp-content\/uploads\/2024\/07\/RDM_post_peel_kit_2000x.jpg\",\"contentUrl\":\"https:\/\/beautyplus.life\/wp-content\/uploads\/2024\/07\/RDM_post_peel_kit_2000x.jpg\",\"width\":1500,\"height\":1500},{\"@type\":\"BreadcrumbList\",\"@id\":\"https:\/\/beautyplus.life\/index.php\/produit\/kit-post-peeling-rose-de-mer\/#breadcrumb\",\"itemListElement\":[{\"@type\":\"ListItem\",\"position\":1,\"name\":\"Home\",\"item\":\"https:\/\/beautyplus.life\/\"},{\"@type\":\"ListItem\",\"position\":2,\"name\":\"Boutique\",\"item\":\"https:\/\/beautyplus.life\/index.php\/boutique\/\"},{\"@type\":\"ListItem\",\"position\":3,\"name\":\"Kit Post Peeling Rose de Mer\"}]},{\"@type\":\"WebSite\",\"@id\":\"https:\/\/beautyplus.life\/#website\",\"url\":\"https:\/\/beautyplus.life\/\",\"name\":\"Beauty Plus\",\"description\":\"Sp\u00e9cialiste soin et beaut\u00e9\",\"publisher\":{\"@id\":\"https:\/\/beautyplus.life\/#organization\"},\"potentialAction\":[{\"@type\":\"SearchAction\",\"target\":{\"@type\":\"EntryPoint\",\"urlTemplate\":\"https:\/\/beautyplus.life\/?s={search_term_string}\"},\"query-input\":{\"@type\":\"PropertyValueSpecification\",\"valueRequired\":true,\"valueName\":\"search_term_string\"}}],\"inLanguage\":\"fr-FR\"},{\"@type\":\"Organization\",\"@id\":\"https:\/\/beautyplus.life\/#organization\",\"name\":\"Beauty Plus\",\"url\":\"https:\/\/beautyplus.life\/\",\"logo\":{\"@type\":\"ImageObject\",\"inLanguage\":\"fr-FR\",\"@id\":\"https:\/\/beautyplus.life\/#\/schema\/logo\/image\/\",\"url\":\"https:\/\/beautyplus.life\/wp-content\/uploads\/2021\/08\/BPlus_logo_assets.svg\",\"contentUrl\":\"https:\/\/beautyplus.life\/wp-content\/uploads\/2021\/08\/BPlus_logo_assets.svg\",\"width\":328.19,\"height\":150.99,\"caption\":\"Beauty Plus\"},\"image\":{\"@id\":\"https:\/\/beautyplus.life\/#\/schema\/logo\/image\/\"}}]}<\/script>\n<!-- \/ Yoast SEO Premium plugin. -->","yoast_head_json":{"title":"Kit Post Peeling Rose de Mer - Beauty Plus","robots":{"index":"index","follow":"follow","max-snippet":"max-snippet:-1","max-image-preview":"max-image-preview:large","max-video-preview":"max-video-preview:-1"},"canonical":"https:\/\/beautyplus.life\/index.php\/produit\/kit-post-peeling-rose-de-mer\/","og_locale":"fr_FR","og_type":"article","og_title":"Kit Post Peeling Rose de Mer","og_description":"Le kit post peeling de Rose de Mer est un \u00e9l\u00e9ment essentiel de votre traitement post peeling. Ce kit professionnel permet de r\u00e9duire le temps de r\u00e9cup\u00e9ration et d'optimiser le processus de peeling gr\u00e2ce \u00e0 ses principes actifs apaisants. Il est con\u00e7u pour r\u00e9pondre aux trois phases du traitement post peeling, \u00e0 savoir le s\u00e9chage, le peeling et le renouvellement de la peau. Le kit prot\u00e8ge et apaise votre peau pendant la p\u00e9riode vuln\u00e9rable de l'apr\u00e8s-peeling, ce qui se traduit par une am\u00e9lioration remarquable de la texture en moins d'une semaine !","og_url":"https:\/\/beautyplus.life\/index.php\/produit\/kit-post-peeling-rose-de-mer\/","og_site_name":"Beauty Plus","article_modified_time":"2024-12-12T12:12:32+00:00","og_image":[{"width":1500,"height":1500,"url":"https:\/\/beautyplus.life\/wp-content\/uploads\/2024\/07\/RDM_post_peel_kit_2000x.jpg","type":"image\/jpeg"}],"twitter_card":"summary_large_image","twitter_misc":{"Dur\u00e9e de lecture estim\u00e9e":"1 minute"},"schema":{"@context":"https:\/\/schema.org","@graph":[{"@type":"WebPage","@id":"https:\/\/beautyplus.life\/index.php\/produit\/kit-post-peeling-rose-de-mer\/","url":"https:\/\/beautyplus.life\/index.php\/produit\/kit-post-peeling-rose-de-mer\/","name":"Kit Post Peeling Rose de Mer - Beauty Plus","isPartOf":{"@id":"https:\/\/beautyplus.life\/#website"},"primaryImageOfPage":{"@id":"https:\/\/beautyplus.life\/index.php\/produit\/kit-post-peeling-rose-de-mer\/#primaryimage"},"image":{"@id":"https:\/\/beautyplus.life\/index.php\/produit\/kit-post-peeling-rose-de-mer\/#primaryimage"},"thumbnailUrl":"https:\/\/beautyplus.life\/wp-content\/uploads\/2024\/07\/RDM_post_peel_kit_2000x.jpg","datePublished":"2024-07-22T19:57:10+00:00","dateModified":"2024-12-12T12:12:32+00:00","breadcrumb":{"@id":"https:\/\/beautyplus.life\/index.php\/produit\/kit-post-peeling-rose-de-mer\/#breadcrumb"},"inLanguage":"fr-FR","potentialAction":[{"@type":"ReadAction","target":["https:\/\/beautyplus.life\/index.php\/produit\/kit-post-peeling-rose-de-mer\/"]}]},{"@type":"ImageObject","inLanguage":"fr-FR","@id":"https:\/\/beautyplus.life\/index.php\/produit\/kit-post-peeling-rose-de-mer\/#primaryimage","url":"https:\/\/beautyplus.life\/wp-content\/uploads\/2024\/07\/RDM_post_peel_kit_2000x.jpg","contentUrl":"https:\/\/beautyplus.life\/wp-content\/uploads\/2024\/07\/RDM_post_peel_kit_2000x.jpg","width":1500,"height":1500},{"@type":"BreadcrumbList","@id":"https:\/\/beautyplus.life\/index.php\/produit\/kit-post-peeling-rose-de-mer\/#breadcrumb","itemListElement":[{"@type":"ListItem","position":1,"name":"Home","item":"https:\/\/beautyplus.life\/"},{"@type":"ListItem","position":2,"name":"Boutique","item":"https:\/\/beautyplus.life\/index.php\/boutique\/"},{"@type":"ListItem","position":3,"name":"Kit Post Peeling Rose de Mer"}]},{"@type":"WebSite","@id":"https:\/\/beautyplus.life\/#website","url":"https:\/\/beautyplus.life\/","name":"Beauty Plus","description":"Sp\u00e9cialiste soin et beaut\u00e9","publisher":{"@id":"https:\/\/beautyplus.life\/#organization"},"potentialAction":[{"@type":"SearchAction","target":{"@type":"EntryPoint","urlTemplate":"https:\/\/beautyplus.life\/?s={search_term_string}"},"query-input":{"@type":"PropertyValueSpecification","valueRequired":true,"valueName":"search_term_string"}}],"inLanguage":"fr-FR"},{"@type":"Organization","@id":"https:\/\/beautyplus.life\/#organization","name":"Beauty Plus","url":"https:\/\/beautyplus.life\/","logo":{"@type":"ImageObject","inLanguage":"fr-FR","@id":"https:\/\/beautyplus.life\/#\/schema\/logo\/image\/","url":"https:\/\/beautyplus.life\/wp-content\/uploads\/2021\/08\/BPlus_logo_assets.svg","contentUrl":"https:\/\/beautyplus.life\/wp-content\/uploads\/2021\/08\/BPlus_logo_assets.svg","width":328.19,"height":150.99,"caption":"Beauty Plus"},"image":{"@id":"https:\/\/beautyplus.life\/#\/schema\/logo\/image\/"}}]}},"_links":{"self":[{"href":"https:\/\/beautyplus.life\/index.php\/wp-json\/wp\/v2\/product\/2701","targetHints":{"allow":["GET"]}}],"collection":[{"href":"https:\/\/beautyplus.life\/index.php\/wp-json\/wp\/v2\/product"}],"about":[{"href":"https:\/\/beautyplus.life\/index.php\/wp-json\/wp\/v2\/types\/product"}],"wp:featuredmedia":[{"embeddable":true,"href":"https:\/\/beautyplus.life\/index.php\/wp-json\/wp\/v2\/media\/2702"}],"wp:attachment":[{"href":"https:\/\/beautyplus.life\/index.php\/wp-json\/wp\/v2\/media?parent=2701"}],"wp:term":[{"taxonomy":"product_brand","embeddable":true,"href":"https:\/\/beautyplus.life\/index.php\/wp-json\/wp\/v2\/product_brand?post=2701"},{"taxonomy":"product_cat","embeddable":true,"href":"https:\/\/beautyplus.life\/index.php\/wp-json\/wp\/v2\/product_cat?post=2701"},{"taxonomy":"product_tag","embeddable":true,"href":"https:\/\/beautyplus.life\/index.php\/wp-json\/wp\/v2\/product_tag?post=2701"}],"curies":[{"name":"wp","href":"https:\/\/api.w.org\/{rel}","templated":true}]}}